f (-222)/63*-33 + 4/(-14)?
2, 29
Let k = -104 + 174. List the prime factors of k.
2, 5, 7
Suppose 0 = 3*s + 22 - 394. What are the prime factors of s?
2, 31
Suppose -19 = p - 27. List the prime factors of p.
2
Suppose 24 = 64*n - 62*n. Let a be 0 - (2/(-2) + 1). Let w = n - a. List the prime factors of w.
2, 3
Let o = -162 - -213. List the prime factors of o.
3, 17
Let d(u) = -u**2 + 6*u - 4. Let l(h) = -h + 1. Let t(i) = -d(i) - 3*l(i). Let b be ((-6)/4)/3*-8. What are the prime factors of t(b)?
5
Suppose -30 = 2*w + 30. Let s = -12 - w. Suppose -4*v = 4*z + 2 - 34, -3*z + s = 2*v. What are the prime factors of v?
2, 3
Suppose 1236 = 2*v + v + 5*o, v + 3*o = 408. List the prime factors of v.
3, 139
Let p = 4 + -13. Let n(y) = y**3 + 10*y**2 + 7*y - 5. List the prime factors of n(p).
13
Let u(n) = 0*n - 2*n**2 + 3*n**2 + 9 - 5*n. What are the prime factors of u(6)?
3, 5
Suppose 0 = h, -5*p + 416 + 279 = 2*h. List the prime factors of p.
139
Let c be (-2)/5 - (-12)/5. Let k be (-60)/(-9)*(-3)/(-2). Suppose 2 = c*g - k. What are the prime factors of g?
2, 3
Suppose 4*a + 4*s - 180 = 24, -5*a + 4*s + 228 = 0. List the prime factors of a.
2, 3
Let f(d) = 5*d - 4. Suppose 4*v - 11 = 13. Let s = v - 3. What are the prime factors of f(s)?
11
Suppose -5*p - 8 + 217 = 4*k, p = -3. Suppose 0 = 3*n + n + k. Let q = n + 25. List the prime factors of q.
11
Let c be (4 - 1*-2) + 0. Let r(k) = -3*k**2 + k + 4*k**2 + 3*k + c + k. What are the prime factors of r(-6)?
2, 3
Let k(r) = -r**3 - 4*r**2 + 6*r - 8. List the prime factors of k(-6).
2, 7
Suppose 0 = 2*h - 4 - 2. Suppose -4*y - h*j + 2*j + 84 = 0, -y + 38 = -4*j. List the prime factors of y.
2, 11
Suppose -4*o + 7 = -5. Suppose i - o = -0*i. List the prime factors of i.
3
Suppose 10 = 2*j + 4. Suppose q - 3*f + 55 = 3*q, -2*f - 50 = -j*q. List the prime factors of q.
2, 5
Suppose 2*t = 7*t. Let k(z) = -z + 14. What are the prime factors of k(t)?
2, 7
Let f = 4 - 2. What are the prime factors of (-3)/(f/(-4) + 0)?
2, 3
Suppose -5*u + 105 = -2*u. What are the prime factors of u?
5, 7
Let f(h) = 2*h**2 + 3 + 2*h**2 - h**2 - 6. Let o be f(-3). Suppose g + 0*g + o = 4*k, 4*k = -3*g + 40. What are the prime factors of k?
7
Let h(v) = 2*v**2 - 3*v - 9. What are the prime factors of h(6)?
3, 5
Suppose 1 = -2*j - 5. Let n be 1/(1/5*-1). What are the prime factors of j*1/(-3) - n?
2, 3
Let x(u) = 10*u**2. Suppose 0*f - 7 = -f + n, 5*f - 3*n - 25 = 0. Let r be x(f). Suppose 0 = 4*c - 4*l - r, 0 = 5*l + 20. What are the prime factors of c?
2, 3
Let a be (-2)/(-4) - (-10)/(-4). Let l = a - 8. Let x(p) = p + 16. What are the prime factors of x(l)?
2, 3
Let d(t) = 3*t + 11 - t - t. Let s be d(0). Let y = s + -5. What are the prime factors of y?
2, 3
Let u = 28 + 220. What are the prime factors of u?
2, 31
Let r(w) = -w**3 - 7*w**2 - 10*w - 7. What are the prime factors of r(-7)?
3, 7
Let d(x) = x**3 + 12*x**2 + 7*x + 16. Let s be d(-11). Suppose 5*b - s = -5*r, 10 + 22 = r + 5*b. List the prime factors of r.
7
Let t(j) = j**3 - 5*j**2 + 3*j - 3. List the prime factors of t(8).
3, 71
Let d(p) = -2*p - 2. Suppose -54 + 22 = 4*g. Let s be 2/g - 23/4. What are the prime factors of d(s)?
2, 5
Let j = -224 - -147. Let o = 8 - j. Suppose -5*a + 5*f + o = 0, 0*f + 3*f = a - 23. What are the prime factors of a?
2, 7
Let z be (1/1)/((-2)/6). Let f be 4 + (z*1)/3. Suppose -5*y + a + 56 = 0, -11 = -2*y - f*a + 8. List the prime factors of y.
11
Let i(t) be the third derivative of 1/24*t**4 + 0*t + 0 - 2*t**2 + 5/6*t**3. List the prime factors of i(5).
2, 5
Let t = 7 - 5. Suppose 3*p - 60 = -t*p. Let a = -2 + p. What are the prime factors of a?
2, 5
Suppose 12 = -4*m, -4*m - 28 = 2*v - 0*v. Let g be 22/(-6) + 2/3. Let u = g - v. What are the prime factors of u?
5
Suppose 4*u = 4*d + 7*u + 16, -5*d = -u + 1. List the prime factors of -1 + (7 - (d + -1)).
2
Let d be 1 - 0 - (0 + 0). Suppose -2*a + 0 = w + 1, 3*w = -4*a + d. Suppose -2*h + 15 = w*h. List the prime factors of h.
3
Let g = 2 + -1. What are the prime factors of -3*(26/(-6) + g)?
2, 5
What are the prime factors of -21 - -19 - (-40 + -1)?
3, 13
Let o = -17 - -113. What are the prime factors of o?
2, 3
Let p(u) = -8*u**2 + 4 - u**3 + 0*u**3 - 1 - 7*u. Suppose -9*z - 35 = -4*z. List the prime factors of p(z).
3
Let f be (-2 - 5)*6/(-7). Let v be (1 - -2)/(f/(-20)). What are the prime factors of (-2)/v - (-54)/5?
11
Let u(a) = -3*a - 1. Let g(j) = -2*j - 1. Let q(b) = 8*g(b) - 5*u(b). Let t be q(-5). Suppose -d = -3*s + 29, d + t*d - 67 = -5*s. List the prime factors of s.
11
Suppose 14*z - 18*z = -12. Suppose -195 = -3*y + 4*a, 4*y - 5*a - 76 = z*y. What are the prime factors of y?
61
Let f = 5 + -15. Let g = f + 3. Let s(m) = -m**2 - 9*m + 3. What are the prime factors of s(g)?
17
Suppose -5*p - 9 + 199 = 0. Suppose 3*u - 5*u + 5*v = -p, -5*v = 20. Let j = 0 + u. What are the prime factors of j?
3
Let x(d) = d**2 - 9*d + 10. Let k be x(8). Suppose k*t = -t. Suppose t = 2*i + 1 - 7. What are the prime factors of i?
3
Let n(r) = r**3 - 8*r**2 - 2*r + 12. Let d be n(8). What are the prime factors of 39/4 - 1/d?
2, 5
List the prime factors of (-26 + 6)/((-3)/6).
2, 5
List the prime factors of 1950/8 + 24/96.
2, 61
Let n(j) = -3*j - 1. Suppose 4*d + 6 = -6. Let g = -6 - d. What are the prime factors of n(g)?
2
Suppose 5*u + 5*c = -0*u + 2120, 4*u + 3*c - 1701 = 0. List the prime factors of u.
3, 11, 13
Suppose 3*x - 2*x + 2*y + 4 = 0, 3*y = -2*x - 6. Let p be x/(5 + -2) + -7. Let i(l) = -l**3 - 8*l**2 - 8*l - 1. What are the prime factors of i(p)?
2, 3
Let t(j) = -10*j**3 + j**2 + j + 1. Let v be (-1)/(-9)*3*-3. What are the prime factors of t(v)?
11
Suppose 4*q + h + 43 = 8*q, 4*q - 37 = -h. Let l be 16/7 + (-8)/28. Suppose -l*k + k = -q. List the prime factors of k.
2, 5
Let h(r) = -r**3 + 7*r**2 + 3. Let s be 86/8 + 2/8. Suppose 2*v + 2 - s = -5*d, -v + 4*d + 11 = 0. What are the prime factors of h(v)?
3
List the prime factors of ((-195)/(-6))/(1*3/12).
2, 5, 13
Suppose 2*n + 3*o + 9 = 29, -4*n + o = -54. List the prime factors of n.
13
Let q = 9 - 5. Let t = 8 - q. Suppose 5*i - 59 = 3*u - t*u, 5*i - 5*u - 65 = 0. List the prime factors of i.
2, 3
Let x = 14 + -10. Suppose x*u = 4*f - 52, 2*u = f - 2*f + 22. List the prime factors of f.
2
Suppose -3*w = w - 248. What are the prime factors of w?
2, 31
List the prime factors of 188 + (-7)/(-14) + 3/6.
3, 7
Let p be 6/4 + (-3)/(-6). Let m = p + -10. What are the prime factors of (-12)/m*34/3?
17
Let u(i) = i**3 - 4*i**2 - 7*i + 7. Let k be u(5). Let v(j) be the third derivative of -j**5/60 - 5*j**4/24 - 2*j**3/3 + j**2. List the prime factors of v(k).
2
Suppose -t + 34 + 2 = 0. What are the prime factors of t?
2, 3
Let c = 10 + -34. Let i = 8 + -22. Let h = i - c. List the prime factors of h.
2, 5
Let i be (6 + -12)*2/(-6). Suppose -2*h - 6 = -2*f + 3*h, i*f = -2*h + 6. Let k(w) = 7*w + 1. What are the prime factors of k(f)?
2, 11
Suppose -3*s - 2*s + 5 = 0. Let a be 1 - s - 8*-4. Suppose 23 = 5*k + 4*y - a, -5*k - 5*y = -55. List the prime factors of k.
11
Suppose -3*l + 206 = -4*f, -5*l - 5*f - 63 = -418. What are the prime factors of l?
2, 5, 7
Let y(u) = u - 11. Let h be y(15). Suppose -3*o = 0, -h*z - 2*o - 2*o + 176 = 0. What are the prime factors of z?
2, 11
Let o(j) = -j**2 + 7*j - 3. Suppose -3*w + 2*a = -3*a + 15, 0 = -5*a. Let p = 8 + w. What are the prime factors of o(p)?
3
What are the prime factors of 1*3866/18 - 18/(-81)?
5, 43
Let s(t) = 0 + 1 - 3*t - t**2 - t. Let p be s(-3). Suppose -4*i + 24 = -p*u, -3*u = -i + u + 9. What are the prime factors of i?
5
Let q(n) = n**3 - 8*n**2 - 9*n + 6. Let b be q(9). Let a be 20*1/(b/3). Suppose 0 = -2*p + a + 10. List the prime factors of p.
2, 5
Suppose -7*i - 3*j = -3*i - 70, 3*i = -2*j + 52. Suppose -i = -z - z. Let n(k) = -k**3 + 9*k**2 - 6*k - 9. List the prime factors of n(z).
7
Let y = 12 + -18. Let d = y - -33. Suppose -53 = -5*s - 2*j, j - d = -3*s + 5. List the prime factors of s.
11
List the prime factors of 11/5 + -2 + 2770/25.
3, 37
Let o(j) = j - 7. Let b be o(8). Let r(x) = 8*x**2 + 2*x - 1. List the prime factors of r(b).
3
Let o(j) be the second derivative of 0 + 1/3*j**3 + 2*j**2 - 2*j. List the prime factors of o(6).
2
Let r(a) = -5*a - a**2 - 3 + 